q + b. List the prime factors of z.
43
Suppose -w = -4*x + 4 + 6, -w + 4 = 3*x. Let l be (-228)/6*2/w. Let d = l + -26. List the prime factors of d.
2, 3
Let y = -24 + 6. Let r(m) = -m**2 + 9*m - 12. Let t be r(5). List the prime factors of (y/8)/((-1)/t).
2, 3
Let i(p) = 2*p**2 - 7*p - 10. Let x be i(5). Suppose -x*m + 0*m + 390 = 0. What are the prime factors of m?
2, 3, 13
Let y = -116 - -173. Suppose -w = k + 2, 5*w + 12 - 4 = -3*k. What are the prime factors of ((-4)/6)/(k/y)?
2, 19
Suppose 4*u = u - 3*t, -4*u + 4*t + 16 = 0. Suppose 0 = 5*w - u*r - 2*r - 136, 12 = -3*r. List the prime factors of w.
2, 3
Suppose -o - 1932 = -i, -5*i - 3*o = 1018 - 10654. List the prime factors of i.
3, 643
Let p(v) = 12*v**3 - 14*v**2 + 54*v - 2. What are the prime factors of p(6)?
2, 5, 241
Let c = 31 - 27. Suppose 0 = 5*g + c*o - 196, -52 = -2*g + 6*o - o. What are the prime factors of g?
2, 3
Suppose g - 2 = -0*g. Suppose 3*s + g + 7 = 0. List the prime factors of 260/12 + s/(-9).
2, 11
Let c(d) = d - 1. Let o be c(-7). Let f(l) = l**3 + 7*l**2 - 9*l + 11. What are the prime factors of f(o)?
19
Let b(k) = -274*k - 126. What are the prime factors of b(-3)?
2, 3, 29
Let d = -239 - -731. List the prime factors of d.
2, 3, 41
Let u be (-4)/(-10) + 2/(-5). Suppose -2*z + u = 62. Let c = z + 51. List the prime factors of c.
2, 5
Suppose 2*t - 4 = 0, 5*t - 4*t = 3*k - 280. What are the prime factors of k?
2, 47
Let i(v) = -9*v**2 - 30*v - 5. Let x(h) = 4*h**2 + 15*h + 3. Let f(b) = 6*i(b) + 13*x(b). What are the prime factors of f(7)?
2
What are the prime factors of (-6)/(-3)*(-2 - -3) + 800?
2, 401
Let y(m) = -21*m + 18. List the prime factors of y(-5).
3, 41
Let b(p) = -p**3 - 6*p**2 + 6*p + 1. Let l be b(-7). List the prime factors of (-46)/3*(-12)/l.
23
Let k be -3 + (2 - -2) + 13. Suppose -10 = -16*c + k*c. Suppose 2*v + c*j + 145 = 5*v, 0 = 2*v + 3*j - 84. What are the prime factors of v?
3, 5
Suppose 4*i + i - 15 = 0. Let p be ((-6)/(-5))/(133914/(-6380) - -21). Suppose -i*v - v = -p. What are the prime factors of v?
29
Let t be (1 + -1)/((-2)/(-1)). Suppose 5*u + 2*s - 152 = 3*u, 3*s = t. What are the prime factors of u?
2, 19
Let n(y) = 17 + 14 + 39*y - 34*y - 15. Let v be n(4). Suppose 4*p - 2*p = -f + v, -5*p + 84 = f. What are the prime factors of p?
2
Let v(o) = -o - 10. Let j be v(-7). Let d be -31*(j - 1)/4. List the prime factors of (-9)/3 + d + -3.
5
Let b = 3 - -1. Suppose -2*q = o - 1, -5 = -3*q + o + b. Suppose -2*g + 0*g + j = -100, q*j - 192 = -4*g. What are the prime factors of g?
7
Suppose -2*b - 5*u - 53 = 0, -2*b + 119 = -7*b + u. Let s = -36 - b. List the prime factors of 99/12*(-32)/s.
2, 11
Let w be (-1 - 42/(-38)) + 1240/(-589). Let f(l) = l**2 - l - 1. Let r(g) = -14*g**2 + 7*g + 10. Let p(q) = -6*f(q) - r(q). What are the prime factors of p(w)?
2, 3, 5
Let x = -21 - -15. Let i(w) = w**3 + 5*w**2 - 8*w - 8. Let t be i(x). Suppose m = -t*m + 210. What are the prime factors of m?
2, 3, 7
Suppose 4*g = w + 125, 0*g - 3*w - 55 = -2*g. Let b = -9 - -15. Suppose -3*f - z = -b*f + 17, 5*f - g = -2*z. What are the prime factors of f?
2, 3
Let d be 8*-1*2*9/18. Suppose 0 = -4*g - g + 120. Let w = d + g. List the prime factors of w.
2
What are the prime factors of 8/(4 + 4) - -3474?
5, 139
Let b be 56/26 - (-4)/(-26). Let g(u) = -3*u**2 + 3*u - 1 - 2*u + 4*u**b + 4. List the prime factors of g(0).
3
Let a(n) = n**3 - 18*n**2 + 19*n - 20. Suppose 21 = z + 2*y, -2*y = -4*z + 38 + 26. Let k be a(z). Suppose -5*m - k = -7*m. What are the prime factors of m?
7
Let i be ((-40)/2)/(78/(-12) + 6). Suppose 222 - i = 13*l. What are the prime factors of l?
2, 7
What are the prime factors of 4/26 - ((-19678)/26 + 3)?
2, 13, 29
Suppose 5*l + d = 4159, 3*l - 2*d - 2275 = 210. List the prime factors of l.
3, 277
Suppose 3 = -4*c - 5*m, c + 7 + 5 = -5*m. Let k(r) = 13*r**2 - 2*r**2 - 6 + 9*r + r**c + 0. List the prime factors of k(-10).
2
Suppose h - 11*h = -60. Suppose -h*z + 145 + 125 = 0. List the prime factors of z.
3, 5
What are the prime factors of -1 + ((-16)/4 - -445)?
2, 5, 11
Suppose a - 8 - 14 = -5*r, 0 = -5*a + 10. Suppose 3*z = z - 5*x, -4*x = -r*z. Suppose 0 = -z*p + p - 25. List the prime factors of p.
5
Suppose -2*g + n + 1073 = 0, -3*n = -3*g - 0*g + 1605. List the prime factors of g.
2, 269
Suppose 4*j - 17 = -3*r, 4 = 5*r - j - 9. Let b = r + -1. Suppose b = m - 4. List the prime factors of m.
2, 3
Suppose 0 = -f + 307 + 45. List the prime factors of ((-2)/(-4))/(8/f).
2, 11
Suppose 86 = -38*c + 36*c. Let t = c + 72. List the prime factors of t.
29
Let o = -9 - -9. Suppose o = -4*r + 4*f + 176, -2*f - 230 = -5*r + f. List the prime factors of r.
7
Suppose -1 + 19 = -6*m. What are the prime factors of (m - -3) + 2 + 74?
2, 19
Suppose -3*c = -5*u + 7035, -5*u - c + 1455 = -5600. What are the prime factors of u?
2, 3, 5, 47
Let o = -15 - -15. Let z = o - -7. Suppose 51 = -4*q + z*q. What are the prime factors of q?
17
Let m(k) = 35*k**2 + 2*k + 3. List the prime factors of m(-4).
3, 5, 37
Let b(v) = -3*v - 7. Let a be b(-3). Let o(x) = -x**2 + 17*x + 5. Let k(s) = -s**2 + s - 1. Let z(y) = a*k(y) - o(y). What are the prime factors of z(-12)?
29
Let g(o) = -7*o**3 - 2*o**2 + o - 1. Let p(w) = -w**3 + 2*w**2 + 7. Let u be p(3). List the prime factors of g(u).
3, 5
Suppose -5*w - 19248 = -29*w. What are the prime factors of w?
2, 401
Let a = 4 - 1. Let k = a - 1. Suppose k*z - 3*z = -32. List the prime factors of z.
2
List the prime factors of (-1624793)/(-1413) + ((-1)/(-9))/1.
2, 5, 23
Let a(i) = -i**3 - 22*i**2 + 33*i - 25. Suppose 10*c - 9*c = -24. List the prime factors of a(c).
5, 67
Let o(p) = -7*p**2 - 6*p - 15. Let h be o(15). What are the prime factors of ((-6)/8)/(15/h)?
2, 3, 7
Let g = -26 - -26. Suppose 5*q + 2*x - 4 = g, -4*x = 2*q - 7*q - 8. Suppose -3*t - 4*s + 177 = q, -2*t + 5*t = 2*s + 177. What are the prime factors of t?
59
Let i = 13 + -7. Let r be (4/i)/(18/(-459)). Let d = 39 + r. What are the prime factors of d?
2, 11
Let u be (-10 + -16)*(-2 + -3). Suppose -17*f = -19*f + u. List the prime factors of f.
5, 13
Let c be 2/9 + (-770)/63. Let j be 80/c*(-48)/(-20). Let f(y) = -y**3 - 16*y**2 - y - 10. List the prime factors of f(j).
2, 3
Suppose 0 = -5*x - 419 - 126. Let k = x - -214. What are the prime factors of k?
3, 5, 7
Let f = -15 + -25. Let x be (f/(-60))/((-2)/6). List the prime factors of -11*(1 - 4 - x).
11
Suppose 5*d + 5*c - 2768 = 2*c, 5*d = 10*c + 2820. List the prime factors of d.
2, 139
Suppose -2*m = 4*i - 80, -46 - 108 = -4*m - 2*i. Let j = m - -5. List the prime factors of j.
43
Let g = 93 - -201. Let t = -174 + g. What are the prime factors of t?
2, 3, 5
Let j = 108 - 73. Suppose 8*b + j = 3*b + 5*t, 3*t - 39 = 5*b. Let g(a) = -a - 3. What are the prime factors of g(b)?
2, 3
Let d = 362 - -740. List the prime factors of d.
2, 19, 29
Let o = -937 + 3918. Suppose o = -0*r + 11*r. List the prime factors of r.
271
What are the prime factors of (-276 + 3 - 1)*15/(-10)?
3, 137
Let m(p) = 11*p**2 - 25*p - 170. List the prime factors of m(-11).
2, 359
Let l(b) = b**2 - 3*b - 4. What are the prime factors of l(14)?
2, 3, 5
Suppose 0*i - 6*i + 3804 = 0. What are the prime factors of i?
2, 317
Let c(x) = -63*x + 30. What are the prime factors of c(-8)?
2, 3, 89
Suppose -2*x = 3*x + 3*l - 15, 5*x + 5*l = 15. Suppose h - 44 = -6*r + 2*r, -121 = -x*h - r. Let f = h + 31. List the prime factors of f.
71
Suppose 3*m - 370 = m. Let t = m + -97. What are the prime factors of t?
2, 11
Suppose -4*w + 5*a = -214, 4*w + 2*a - 27 - 201 = 0. Suppose -4*x + 3*x = -2*q + 32, -4*q = 2*x - 80. Suppose q*o = 20*o - w. List the prime factors of o.
2, 7
Let k(p) = 28*p**2 + 27*p + 52. What are the prime factors of k(-10)?
2, 1291
Let y be -9*((-4)/(-3) + -1). Let r(b) = -3*b**3 - 2*b**2 + 4*b. List the prime factors of r(y).
3, 17
Let p = 10 + -45. Let f(i) = -i**2 - i - 5. Let x be f(0). What are the prime factors of (-1)/x - 868/p?
5
Let l be 4015/(-35) - (-2)/(-7). Let y = l + 73. What are the prime factors of (y/(-6))/((-2)/(-6))?
3, 7
Let g(q) = -6*q**3 + q**2 - q + 1. Let o be g(-2). Let z = -8 + o. List the prime factors of z.
47
Let g(k) = k**2 + 9*k - 6. Let d be g(-10). Suppose -112 = -d*w + 40. What are the prime f